+ 4. Let q(r) = 5*a(r) - 3*c(r). Suppose -m - 5*y + 12 = 0, 2*y = -5*m + 105 - 22. Give q(m).
4
Let g(f) = f**2 - 5487687*f + 1 + 38*f**3 + 2 + 5487684*f. Determine g(1).
39
Let a(f) = 2*f**2 - 8*f - 2. Let x be 12/(-468)*-13*(-5 - 1). Give a(x).
22
Let f(d) be the second derivative of 1/3*d**3 - 21*d**2 + 0 + 217*d. Give f(23).
4
Suppose -9 = -5*k - c, 5*k = -5*c - 39 + 44. Let n(h) = h + 12. Let b be n(0). Let f(w) = -3*w + b + 4*w - k*w. Give f(9).
3
Let m(w) = -2*w**2 + 89*w + 138. Suppose -419 + 51 = -26*b + 18*b. Determine m(b).
0
Let o(f) = -f + 2. Suppose 0 = -2*k + 5*a + 75, -65 = -2*k - 4*a - a. Suppose 4*l - k = -7. Let r be o(l). Let y(u) = -u**3 - 5*u**2 - 4. Determine y(r).
-4
Let h(c) = -c + 11. Let l(j) = -11*j - 85. Suppose 5 - 8 = 2*p + 3*z, 5*p + 3*z + 30 = 0. Let v be l(p). Determine h(v).
-3
Let a be 110/70 - 6/(-14). Suppose 3*z - 4 = -f + 2, -f + 1 = a*z. Let x(y) = -3*y - 13. Calculate x(f).
14
Suppose 5*j + 5*t = 0, -j - t - 2*t = 8. Let u(y) = -8227*y - 2 + 0 + 3 + 8226*y. Determine u(j).
-3
Let y(n) be the first derivative of -n**2 + 6*n - 6. Let k = 88 + -94. Let l be (-39)/(-6) + 3/k. Determine y(l).
-6
Let f(y) = y**3 - 3*y + 14. Let g(q) = -1134*q - 6808. Let m be g(-6). Calculate f(m).
-38
Let o(m) = -m**3 + 3*m**3 - 4*m**3 - 2 - 7*m**3 + 3 - m - 3*m**2. Determine o(-1).
8
Let u = 1565 - 1570. Let n(q) = 5*q + 9. Calculate n(u).
-16
Let d(u) be the first derivative of u**6/180 + u**5/24 - u**4/24 - 31*u**3 - 106. Let c(r) be the third derivative of d(r). Calculate c(-4).
11
Suppose -y - 39 = -3*b, 50 + 91 = -4*y - 3*b. Let j = -27 - y. Let n(k) be the second derivative of k**4/12 - 3*k**3/2 + 3*k**2 + 342*k. What is n(j)?
6
Let b(p) = -3 - p**2 + 2*p + 2*p**2 - 5*p. Let d be (-1 - 0/(-1)) + -11 + 10. Let q be (6 - (-34)/(-4))*d. Give b(q).
7
Let w be 20/2 + 114/(-22) + 30/165. Let n(c) = -c**2 + 4*c + 14. Determine n(w).
9
Let t(i) = i + 2. Let w be t(3). Let a(n) = 1 - w*n**2 + 2*n**2 - 2*n - 2*n**2. Let o be 79/(790/4)*5/2. Give a(o).
-6
Let q(z) = -z**3 - 2*z**2 + 4*z + 6. Let d be -3 + 0 - (-6*1/(-3) - 5). Determine q(d).
6
Let w = 751401 - 751403. Let d(z) be the second derivative of -2*z**3 + z**2/2 + z. What is d(w)?
25
Let o(f) = -2*f**2 - 2*f - 16. Let c(d) be the first derivative of -d**3/3 - d**2 - 7*d - 49. Let a(b) = 5*c(b) - 2*o(b). Determine a(-2).
5
Suppose 76*j = -292 + 2192. Let s(i) = i - 12. Calculate s(j).
13
Let d(k) = 6*k - 8 - 2*k - k - 7*k + 24. Suppose 0 = t + 3*u + 5 + 1, 0 = 2*u + 8. Calculate d(t).
-8
Let b(r) = 4*r - 6 - r - r. Let x(f) be the second derivative of f**4/12 - 5*f**3 - 93*f**2/2 + 351*f. Let w be x(33). Determine b(w).
6
Let s(v) be the first derivative of -11*v**2/2 + 83*v - 2087. Calculate s(7).
6
Let a = -20 - -18. Let h(c) = 1 + 1 + 29*c - 32*c. Let y be h(a). Let j(o) = 2*o - 8. Calculate j(y).
8
Let y(a) = 155*a - 1 - 147*a + 9*a**2 + 11*a**2 - 18*a**2. Give y(-3).
-7
Let f(c) be the first derivative of c**2 - 4*c + 2629. Let w be 6/9 - 46/6. Let s(u) = 3*u - 6. Let z(a) = w*f(a) + 5*s(a). Determine z(2).
0
Let s(f) = -f**2 + 3*f - 3. Suppose 0 = -4*d - 20, b + 2315*d + 25 = 2310*d. Determine s(b).
-3
Let d = 90 + -18. Suppose 0 = -30*g + 28*g + d. Let b(q) = -g - 31 + 18*q + 66. What is b(1)?
17
Let n be ((-3)/42)/((-157)/2198). Let z(x) = 2*x - 2*x**2 - x - 1 + 28*x**2. Determine z(n).
26
Let u = 1294 + -1314. Let o(l) = -2*l**2 - 38*l + 32. Determine o(u).
-8
Let n(o) = -2*o + 20. Let d be n(6). Suppose 3*y + 12 = -3*c, -2*c + 3*y - y = d. Let z(h) = -h**2 - 3*h - 3. Give z(c).
-7
Let t(f) = -f**3 + f**2 - 2*f. Let h be (0 - (-84)/(-8))*16/6. Let b = h + 38. Suppose b*j - 18 = j. Determine t(j).
-8
Suppose -24 = -3*r + 4*i, -r - 5*i - 5 = -2*i. Suppose -3*y - 21 = -5*p, y + 3*p = 3 + r. Let l(m) = -m**3 + m**2 - 2*m - 2. Give l(y).
14
Let f(c) = 3*c**2 - 21*c + 27. Let k(y) = -4*y**2 + 31*y - 41. Let i(z) = -7*f(z) - 5*k(z). Determine i(-10).
-4
Let c(o) = 2*o**2 - 14*o + 13. Suppose -17*x + 20*x = -5*f - 10, 3*x + 11 = -4*f. Determine c(f).
1
Let v be ((-6)/(-14))/(48/(-1008)). Let s be (5 + -1)/16 + v/(-12). Let h(b) = b**2 + b. Let a(z) = 4*z**2 - 4*z. Let m(k) = -a(k) - 5*h(k). What is m(s)?
-10
Suppose -3*b + 5*l - 16 = 0, b - 3*b = -4*l + 10. Let x be (-46)/(-8) - (-1)/8*2. Let u = x + b. Let v(y) = -17*y. What is v(u)?
17
Suppose -135*g = 318 - 48. Let b(a) = -3*a**2 + 2*a + 11. Give b(g).
-5
Let k(g) = -1146 + 16*g + 10*g + 1117. What is k(3)?
49
Let i(n) = n**3 + 12*n**2 - 17*n - 58. Suppose -247 = 286*k - 267*k. Calculate i(k).
-6
Let m(b) = -58*b - 12*b + 11 - 39 + 76*b. What is m(8)?
20
Let q(c) = 13*c. Suppose 4*d + 18*d - 682 = 0. Suppose 39*f - 24 = d*f. Calculate q(f).
39
Suppose 10 = -2*y + 2. Let a(n) = 149073*n**2 - 5*n + 1 + 2 - 149074*n**2 + 6*n. What is a(y)?
-17
Let z(v) = -5*v + 225. Let u(y) = -23*y + 2597. Let l be u(111). Calculate z(l).
5
Let z be (-16)/(-20) - 84/(-20). Let j(b) be the third derivative of -b**4/24 - b**3/2 - 23*b**2 - b - 22. Give j(z).
-8
Let x(n) be the first derivative of 1/20*n**5 + 14 - 1/2*n**2 - 1/6*n**3 - 2*n - 1/6*n**4. Let l(b) be the first derivative of x(b). Calculate l(3).
5
Let c(t) = 4*t**2 - 63. Let p be c(10). Let r(s) = -332*s + 652*s + 1 - p*s. What is r(1)?
-16
Suppose -72*c - 733 = -733. Let w(o) be the third derivative of c*o - 1/2*o**3 + 0 + 35*o**2 - 1/12*o**4. Calculate w(6).
-15
Let n = -59 - -101. Let z = n + -101. Let v = z + 60. Let y(o) = 22*o**3 + o**2 + o - 1. Calculate y(v).
23
Let q(d) = -d. Let y be 2 + -4 + 132/1. Let z(b) = 263 - 131 - y + 3*b. Let r(l) = q(l) + z(l). What is r(2)?
6
Let j(y) = y**3 + y**2 - y - 1. Suppose 2*p + 2*d - 5 = 1, d = 2*p. Suppose 2*m + 14 = -5*r, -5*m = -r + p + 7. Give j(m).
-3
Let m(g) be the second derivative of g**6/360 - g**4/24 + 3*g**3/2 + 3*g - 2. Let k(l) be the second derivative of m(l). Let j = 0 + 2. What is k(j)?
3
Let v(i) = 43*i**2 + 36*i - 3. Let h(a) = -6*a**2 - 5*a. Let t(l) = -7*h(l) - v(l). Determine t(0).
3
Suppose 20*o + 3*v - 35 = 21*o, 0 = 4*v + 20. Let p = o - -42. Let y(z) = 2*z + 15. Determine y(p).
-1
Let p(x) = 32 + 41 - 69 + 30*x. Let w(t) = 11*t + 1. Let r(g) = -4*p(g) + 11*w(g). What is r(6)?
1
Let s(i) be the third derivative of -i**4/24 - 4*i**3/3 - 2314*i**2. Give s(3).
-11
Let q(m) = 9*m + 5*m**2 + 283121 - 283136 - 4*m**2 - m. Determine q(-10).
5
Suppose 44*c - 13*c = 3534. Let m = -116 + c. Let z(o) = o**3 + 3*o**2 + 3*o. What is z(m)?
-2
Let g(x) be the third derivative of x**4/24 - 5*x**3/3 + 10*x**2. Let t(d) = d**3 + 5*d**2 + d + 8. Let p = -66 - -66. Let v be t(p). Give g(v).
-2
Let z be (((-297)/66)/(5/6))/((-3)/10). Let i(a) = a**2 - 17*a - 19. Calculate i(z).
-1
Let w = -66 + 69. Suppose 0*m - w*m + 6 = 0. Let a(l) = l**3 + 5*l**m - 1 + 7 + 2*l - 2 - 3. Calculate a(-3).
13
Let u(s) be the third derivative of -s**6/360 - 7*s**5/120 + 11*s**4/24 + 11*s**3/3 - s**2. Let p(z) be the first derivative of u(z). Give p(-9).
-7
Let w(c) be the third derivative of 90*c**2 + 0 + 0*c - 1/3*c**4 + 1/6*c**3. Suppose -2 = 2*h - 2*p - 6, h - 3*p = 8. What is w(h)?
9
Let g(n) = -7*n + 11*n - 2 + 8*n**2 + n**3 - 3*n**2. Suppose -7*c = -4*c, 2*x = 3*c - 226. Let u = -117 - x. Give g(u).
-2
Let f(m) = 3*m**3 - 47*m**2 - 13*m - 192. Let y(x) = -7*x**3 + 96*x**2 + 28*x + 380. Let u(k) = 9*f(k) + 4*y(k). What is u(-39)?
-13
Let z be 104/17 - (32/(-2448)*-9 - 0). Let a(j) be the third derivative of 0*j + 5/6*j**3 + 0 - z*j**2 + 1/24*j**4. What is a(-4)?
1
Let a(c) = c**2 + c. Let k be a(-2). Suppose -3*t + 78 = -882. Let l(r) = t*r**3 - 12*r**2 + 3*r**k - 11*r - 321*r**3 - 12. Give l(-8).
12
Let w(n) be the second derivative of 1/4*n**4 - 20*n + 1/3*n**3 - 2*n**2 + 0 - 1/20*n**5. Suppose 3 = -k + 2*k. Give w(k).
2
Suppose 4*b = -0*b - 3*n + 327, 5*b + 5*n - 415 = 0. Suppose o = 81 - b. Let y(l) = 5*l**3 - 1 + 2 - 10*l**3 + 6*l**o. Calculate y(2).
9
Let l(g) be the first derivative of 1/2*g**2 + 132 - 14*g + 1/3*g**3. Calculate l(0).
-14
Let x(j) be the second derivative of j**5/20 - 3*j**4/4 + 3*j**3/2 + 5*j**2/2 + 1921*j. Let l be 5*2*4/5. Calculate x(l).
13
Suppose -5*l + 158 = 4*w - 106, -3*l = 0. Let s(m) = w*m - 67*m + 3 - 5 + 10. Suppose 0*j + 12 = 2*j. What is s(j)?
2
Let i(w) = w**2 + 6*w - 9. Let o be 1220/(-55) - 